 the greatest common divisor of o and 7.
7
Let a be (-22 - -24)/((-2)/(-4)). Let q be 1/(-1 + 11/10). Calculate the greatest common divisor of a and q.
2
Let j = -401 - -583. Suppose -4*i + j = -178. What is the highest common divisor of i and 10?
10
Let l(z) = -z**2 + 6*z + 13. Let t be l(7). Calculate the greatest common divisor of 60 and t.
6
Suppose -2*t + 35 = -5*j, -5*t + 3*j = 4*j - 101. Calculate the greatest common factor of 10 and t.
10
Let w = 2 + 6. Let y(l) = l**2 - 7*l - 3. Let v be y(w). Calculate the greatest common divisor of 20 and v.
5
Let o be 66/((-9)/6*-1). Suppose 3*g = -0*g + 330. What is the highest common divisor of g and o?
22
Let v = -11 + 10. Let f be v + (1 - -3) + 4. What is the highest common divisor of 21 and f?
7
Let q(i) be the first derivative of i**2/2 + 11*i + 3. Let z be q(11). Suppose -n + 44 = 3*n. Calculate the highest common factor of z and n.
11
Suppose 36*u - 64 = 34*u. Calculate the highest common divisor of u and 352.
32
Let n be 2/(-3) + 17/3. Let z be (-4)/4 + -2 - -15. Let o be 4/z + 656/12. Calculate the highest common factor of o and n.
5
Let i = -52 - -128. Calculate the greatest common divisor of i and 19.
19
Let x = 93 - 38. What is the highest common factor of 5 and x?
5
Let w be (-5)/5*-10*(-2)/(-4). Suppose 4*i - 42 + 15 = -n, -2*n - i + 68 = 0. What is the highest common factor of n and w?
5
Let p be ((-156)/65)/(2/(-25)). Let r(k) = -k + 3. Let m be r(-5). Let h = -2 + m. Calculate the highest common divisor of h and p.
6
Suppose -5*n - 5*o = -80, -3*n + 2*o + o + 18 = 0. What is the greatest common factor of n and 99?
11
Let y = 5 + -8. Let j be (-29)/y - 2/(-6). What is the highest common divisor of 2 and j?
2
Let x(c) = -6*c - 3 - c**2 - 4*c - c - 3. Let u be x(-8). Suppose -27 = -3*a - 2*n, -2*a + n - 3*n + u = 0. Calculate the highest common divisor of a and 36.
9
Suppose 0 = 3*c + 3*w - 381, c - 4*w = -c + 236. Suppose -v + 67 = f, 0 = -3*f + v + 97 + c. Calculate the highest common factor of f and 9.
9
Let i(k) = k**3 + 6*k**2 + 3*k - 5. Let y be i(-5). Suppose 6*m - 12 = y*m. Calculate the greatest common factor of 24 and m.
12
Suppose 3*o = b - 20, -o - 21 = -4*b + 4. What is the greatest common divisor of b and 5?
5
Suppose 0 = 2*l - 2*f - 8, 0 = -4*l + 3*f + 10 + 3. Let t(m) = 16*m - 1. Let a be t(l). What is the greatest common factor of a and 3?
3
Let m(w) = w**3 - 31*w**2 + 57*w + 41. Let l be m(29). Suppose -f + 60 = f. What is the greatest common divisor of l and f?
6
Let l be (7 + -10)/(2*6/(-92)). Calculate the greatest common divisor of l and 23.
23
Suppose -2*v = v - 12. Suppose -v*k - 11 = h - 3*k, 4*k + 8 = 0. Let p be 2/(-3) + (-294)/h. Calculate the greatest common divisor of 4 and p.
4
Suppose 3*h - 2 = 16. Let b(v) = 2*v**3 - 11*v**2 + 12*v + 2. Let q be b(h). Calculate the highest common divisor of 10 and q.
10
Let q be ((-12)/(-9))/(4/18). What is the highest common factor of 12 and q?
6
Suppose 3*w - a - 39 = 38, w - 4*a - 11 = 0. Calculate the highest common factor of w and 108.
27
Let v(j) = -2*j**3 - 5*j**2 - 4*j + 1. Let h be v(-4). What is the greatest common factor of 13 and h?
13
Let t(k) = 17*k. Let a(p) = 3*p. Let v(q) = 39*a(q) - 6*t(q). Let y be v(2). What is the greatest common factor of y and 45?
15
Suppose -5*p - 6 = 4. Let d(c) = -5*c**3 + c**2 - c + 2. Let o be d(p). Let k be ((-5)/5)/((-2)/o). Calculate the greatest common factor of k and 8.
8
Let r(t) = 3*t - 1. Let u be r(1). Suppose -u*x - 4 = 0, 2*x - 80 + 4 = -4*z. Suppose 5*b = 7 + 18. Calculate the highest common factor of z and b.
5
Let h(u) = -3*u - 6. Let a be h(-6). Suppose -6 = 5*b + 4. Let y be b*(-6)/((-3)/(-3)). What is the highest common divisor of a and y?
12
Let x(t) = -76*t. Let r be x(-1). Suppose -n + 3*n - r = 0. Let d be n + 0 + (-7 - -5). What is the greatest common divisor of 12 and d?
12
Let t(c) = -16*c**3 - c**2 - c. Let h be t(-2). Calculate the highest common factor of h and 18.
18
Let b = 17 - 15. Calculate the highest common divisor of b and 14.
2
Let s(r) = -20*r - 8. Let y be s(-6). Suppose 6*j - 2*j - 36 = -w, -2*w + 2*j = -22. What is the greatest common factor of y and w?
16
Suppose -9*z + 8*z = -34. Calculate the highest common factor of z and 51.
17
Suppose -11 = -5*o + 24. Let w be (-3)/(-21) + 83/o. What is the highest common divisor of w and 84?
12
Suppose -5*y + 44 = i, 5*i + 2*y - 6*y = 75. Calculate the highest common divisor of i and 19.
19
Let n(q) = q + 1. Let u be n(3). Let y = u + -1. What is the highest common factor of 12 and y?
3
Let b be 4/(-22) - ((-1126)/22 + 3). What is the highest common divisor of 36 and b?
12
Let l(o) = -33*o - 2. Let y be l(-1). Suppose 5*r + 5*u + 1 = y, -4*r = 3*u - 29. What is the highest common divisor of 22 and r?
11
Let d(g) = 44*g - 5. Let i be d(3). Let u = 179 - i. Suppose 0 = 2*p - p - 13. What is the highest common divisor of p and u?
13
Let u be 28/(-6)*(-9 + -51). What is the greatest common divisor of u and 40?
40
Let l(p) = p**2 - 3*p + 2. Let h be l(-7). Calculate the highest common divisor of 48 and h.
24
Let p(k) = -k - 3. Let q be p(-5). Suppose 27 = -d + q*d. Calculate the greatest common divisor of d and 3.
3
Suppose -4*g + 2*g = -54. What is the greatest common divisor of g and 297?
27
Let k be 3/((-10)/15 - (-37)/42). Let j be (-7 + 2)/((-2)/14). What is the highest common divisor of j and k?
7
Let b be (8/(-120)*-39)/((-1)/(-5)). What is the highest common divisor of b and 195?
13
Let m = 8 - 4. Suppose 0 = -5*u + 3 + 22. Let f be ((-16)/u)/((-2)/10). What is the highest common divisor of f and m?
4
Let b(g) = 9*g - 12. Let p be b(8). Calculate the greatest common divisor of 20 and p.
20
Suppose -2*m + 30 = 4*j, 0 = j + j - 5*m + 3. Let o be 4/6 + 4/3. Let i be o/3 - (-70)/3. What is the highest common factor of i and j?
6
Let o = 426 - 341. Suppose -3*y = -54 - 48. Calculate the highest common factor of y and o.
17
Suppose -r = 4, 2*n + r - 16 = -0*n. What is the greatest common factor of n and 30?
10
Let w(f) = -f**3 - 3*f**2 + 5*f + 4. Suppose 2*p - 2 = -10. Let h be w(p). Suppose h = -5*i - 0*i + 10. What is the highest common factor of 2 and i?
2
Let t be (-3*((-12)/(-4))/(-9))/1. Calculate the greatest common factor of 1 and t.
1
Let y be (-1 + 0)*(-2)/(-2). Let q be 3 - y*(-3 + 24). What is the greatest common factor of 12 and q?
12
Suppose 7*i - 3*i = 0. Let z = i + 4. Suppose 4*r = -2*a + 22, -z*r + 5 + 15 = 0. Calculate the greatest common factor of a and 4.
1
Suppose 2*v - 8 = -0*v. Let u = 7 - 2. Let k be v/u*(-5)/(-2). What is the highest common factor of 22 and k?
2
Let c(u) = 11*u**2 - 7*u + 6. Let g(j) = -10*j**2 + 6*j - 5. Let b(v) = -6*c(v) - 7*g(v). Let n be b(6). Calculate the greatest common divisor of 13 and n.
13
Let k be (-3)/(2 + (-33)/16). Suppose 2*r - 40 = -0*r. Suppose 16 = 3*o - r. What is the highest common divisor of k and o?
12
Suppose -14 = -2*r + 5*n, -5*n = r + 3*r - 88. Calculate the greatest common factor of 68 and r.
17
Suppose -5 = 2*h + 3*h. Let c be (-2)/(h - 9/(-15)). Suppose -2*w - 4*l = -56, 0 = -3*l - 0*l + 12. What is the highest common factor of c and w?
5
Let b be ((-22)/(-5))/(7/35). What is the highest common divisor of b and 22?
22
Let t = 18 + -13. Suppose q + 4*p = -2*q + 15, -4*q + 5*p = -20. Calculate the highest common factor of q and t.
5
Let j = -18 - -25. Let k(n) = 6*n - 7. Let y be k(7). Calculate the highest common divisor of y and j.
7
Let m be (14 - 6) + 0 + -1. Let r = m + -5. Calculate the highest common divisor of r and 2.
2
Let k(p) = 5 - p**3 - 6*p + 5*p**2 + 2*p**3 - 2. Let b be k(-5). Let a(l) = 2*l**2 - 25*l - 20. Let y be a(14). What is the greatest common factor of y and b?
11
Let r = 1182 + -840. Calculate the highest common divisor of 38 and r.
38
Let i(j) = j**3 + 10*j**2 + 15. Let l be i(-10). Suppose 0*f = f + t + 13, -2*f + 3*t = 1. Let m = f + l. What is the highest common divisor of 63 and m?
7
Let g be ((-4)/10)/(1/(-20)). Let v = 121 + -81. Calculate the greatest common divisor of v and g.
8
Let v be 10/6*7/(21/9). Calculate the greatest common factor of v and 1.
1
Suppose 2*g = 7*g - 20. Suppose 17 = -3*p + g*p. Let f be (-2 - -1)*-16 - -1. Calculate the highest common factor of p and f.
17
Let y = -